t of 5*325 + (40 - 30)?
6
Let k = -34 + 208. What is the tens digit of k?
7
Suppose 8*z + 304 = -4*j + 3*z, -4*j + z - 304 = 0. Let w = 145 + j. What is the units digit of w?
9
Let n = 4 - 0. Suppose 2*r = -5*a + 29, a - 4*a + n*r + 7 = 0. Suppose 3*f + 2*y = 21 + 62, 3*f - a*y - 97 = 0. What is the tens digit of f?
2
Let x = 506 - 38. What is the tens digit of x?
6
Let n be (-851)/(-161) - 2/7. Suppose -4*j - n*t = -73, 0*j + t = -j + 19. What is the units digit of j?
2
Suppose -17*b + 10848 = -14*b - 3*c, -4*b + 14454 = c. What is the tens digit of b?
1
Let q(f) = 46*f**2 - f + 1. Let r be q(1). Suppose 0 = -3*b - 5*a - 47 - r, 0 = -2*b + 2*a - 46. Let n = -18 - b. What is the units digit of n?
8
Let s(q) = -154*q - 154. What is the hundreds digit of s(-11)?
5
Suppose 0 = 4*u - 5*z - 4208, 0 = 2*u - 10*z + 11*z - 2090. What is the units digit of u?
7
Suppose 15*h - 17650 = 11375. What is the tens digit of h?
3
Suppose 5*p - 19 = 6. Let s(a) = -4*a + 202. Let q be s(50). Suppose -2*b + p*n + 161 = b, q*b - 124 = -5*n. What is the tens digit of b?
5
Suppose -f + 5*j + 19 = 0, -j - j = 6. Let l be (f/6)/((-4)/(-48)). What is the tens digit of (l/(-20))/((-2)/130)?
2
Let k(f) = -1 - 4*f**2 - 18*f + 6 + 3*f**2. What is the units digit of k(-13)?
0
Let q = -533 - -944. What is the hundreds digit of q?
4
Suppose -4*r + 19337 = 4877. What is the tens digit of r?
1
Let m = 101 - 78. Let b = 151 + m. What is the units digit of b?
4
Suppose 21*i - 4938 = 19*i. What is the units digit of i?
9
Suppose -202 = -0*u - 2*u. Let b = -190 + u. Let l = -46 - b. What is the tens digit of l?
4
Suppose 24*t + 3*y = 23*t + 472, -5*y - 2360 = -5*t. What is the tens digit of t?
7
Let n be -1 + 1 - (-12 + 11). Let g = 10 - n. Let k(t) = t**3 - 10*t**2 + 14*t - 6. What is the tens digit of k(g)?
3
Suppose 0 = 18*l - 23*l + 880. Suppose m - 65 = 5*o, 3*m = -3*o + 19 + l. What is the units digit of m?
5
Let j = -11 - -11. Suppose 5*z - z - 276 = j. What is the units digit of z?
9
Suppose -4*n + 705 - 53 = 0. What is the hundreds digit of n?
1
Suppose 2 + 1 = 3*s. Let f be 40 - (-2 - (s + -1)). Suppose -12 = 5*i - f. What is the units digit of i?
6
Suppose -2319 - 4644 = -5*m + 4*c, 3*c = -6. What is the hundreds digit of m?
3
Suppose 43*u = 41*u + 654. Suppose 3*j - 5*m = -2*j + 335, 0 = -5*j + m + u. What is the tens digit of j?
6
Suppose 4*s - 244 = 3*f - 4*f, -61 = -s + 4*f. Suppose 4*y - 8*y = -4. Suppose 3*x - 5*i - s = x, i - y = 0. What is the units digit of x?
3
Let g = 252 + 57. What is the units digit of g?
9
Suppose o + 4*f - 18 = 0, -5 = o - 2*f + 1. Suppose 3*c = -o*x + 269, 5*c - 124 = -2*x + x. What is the hundreds digit of x?
1
Let i(z) = -2*z + 12. Let f be i(-9). Let l = f + -29. What is the units digit of l?
1
Let c(w) = -8*w**3 + 4*w - 1. Let x(o) = -41*o**3 - o**2 + 21*o - 4. Let h(f) = -11*c(f) + 2*x(f). What is the units digit of h(2)?
9
Suppose 3*n - 229 + 4 = 0. Suppose -4*h + 20 = 0, 0 = -5*d - 0*d - 2*h + n. Suppose 5*i = 27 + d. What is the units digit of i?
8
What is the units digit of (13/78)/(5/28650)?
5
Suppose -6860 = -2*a + p - 1648, 0 = a + 2*p - 2611. What is the hundreds digit of a?
6
Let f(y) = -37*y + 635. What is the hundreds digit of f(-8)?
9
Suppose 0 = 4*t + 3*c - 33, 5*t = -2*c - 8 + 58. Suppose u - 5*u = t. What is the units digit of 3/u + 33*1?
2
Let x(t) = t**2 + 2*t - 36. What is the hundreds digit of x(-13)?
1
Let n(b) = -b**3 - 3*b**2 - 2*b + 2. Let r be 6 + 0 + (1 - 2). Suppose -4*p + r = 17. What is the units digit of n(p)?
8
Suppose -u + 5*o = -3, 2*u + o = u + 3. Suppose u*s + 17 - 521 = 0. What is the hundreds digit of s?
1
Let v(u) = 21*u - 22. What is the units digit of v(12)?
0
Let w(v) = v**3 - v**2 + 3*v - 5. Let x be w(4). Suppose x = 2*n - 63. What is the units digit of n?
9
Suppose 43*v - 409 - 9051 = 0. What is the hundreds digit of v?
2
Let z be (-6)/(3/(-1) - -1). Suppose k - 2*f = -13, -z*f = 5*k + 17 - 4. Let b(x) = x**3 + 6*x**2 + x + 7. What is the units digit of b(k)?
7
Suppose -4*r + 8*r = -148. Let z be 65 + (1 - (2 + -1)). Let k = r + z. What is the tens digit of k?
2
Let o = 548 + -334. What is the tens digit of o?
1
Suppose -a + 2 = a. Let m = a - 1. Let s(t) = t**3 - t**2 + t + 9. What is the units digit of s(m)?
9
Suppose 292 + 260 = 8*h. What is the units digit of h?
9
Let t = 415 - -90. Suppose 2*k + 4*c = 4*k - 500, -5*c = -2*k + t. What is the hundreds digit of k?
2
Suppose 3*z - 7 = 2. Suppose -z = -3*r - 0*r. What is the tens digit of 20 - r/1*2?
1
What is the tens digit of (-1 + 0 + 34/(-4))*-20?
9
Suppose 16*g - 14*g - 4364 = -3*t, 4*g - 4354 = -3*t. What is the tens digit of t?
5
Let u = 8 + -12. Let b = 12 + u. What is the units digit of b?
8
Suppose p = 5*g + 63 + 58, -5*g = 5*p + 145. Let i = g - -121. What is the tens digit of i?
9
Suppose 3*p = -2*p + 15. Suppose p*v - 260 = 7*v. What is the tens digit of 6/18 + v/(-3)?
2
Let h = -34 + 36. Suppose -h*s = -92 - 20. What is the units digit of s?
6
Let f = -121 + 211. Suppose -59 = -l + r, 0 = -l + 3*l + 5*r - f. Suppose -7*o + l = -2*o. What is the tens digit of o?
1
Let a(h) be the third derivative of 13*h**4/24 - 2*h**3 + 19*h**2. What is the tens digit of a(5)?
5
Let l(c) be the third derivative of -c**6/120 - 7*c**5/60 + 3*c**4/8 + c**3 + c**2. Let f be l(-8). What is the units digit of (-25)/(-4) - f/(-8)?
6
Let i = -1116 + 792. Let p = 469 + i. What is the units digit of p?
5
Suppose -2*k - 2*b = 2*k + 2, -3*k = 4*b + 4. Suppose k = 3*a - 3*q - 9, 3*q = -a + 5*q. Let l = a + 10. What is the tens digit of l?
1
Suppose -14*b = 19*b - 58014. What is the thousands digit of b?
1
Let d(r) = -r**3 - r. Let p be d(-1). Suppose 3*u - 41 = -q, -p*q + 155 = 3*q + 5*u. What is the tens digit of q?
2
Let f(h) = -2*h**3 - 10*h**2 - 24*h. What is the tens digit of f(-8)?
7
Let k be ((-3)/1)/((-6)/24). Let a be -1 + 0 + 2 - 15. Let d = k - a. What is the units digit of d?
6
Suppose 2*a + 6 = 5*a. Suppose 0 = a*b + b - 9. What is the units digit of b?
3
Suppose -h + 0*h + 4 = 0. Suppose -4*x = 3*u + h, 2*x + 2*u - 12 = 3*x. What is the units digit of (-8 - x)/((-2)/26)?
2
Let z(u) be the first derivative of 0*u - 4 + 7/2*u**2. What is the units digit of z(2)?
4
Suppose 0 = -g + k - 28, 0 = -3*g - 7*k + 3*k - 84. Let d = g + 38. What is the units digit of d?
0
Suppose -s - 8148 = -3*t, -3*s = 3*t - 6274 - 1862. What is the units digit of t?
5
Let p be 1/4 + (-905)/20. What is the units digit of 0 - p - 1*-2?
7
Let f(n) = -n**2 - 4*n - 3. Let u(o) = -1. Let d(l) = -f(l) + u(l). Let i(r) = 13*r - 17. Let y be i(1). What is the units digit of d(y)?
2
Suppose 0 = -4*x + 5*x. Let w be (x - 3 - -1)*-2. Suppose 3*p = -w*f + 160, 0 = 3*p - p - 8. What is the units digit of f?
7
Suppose 5*r + 3*p = 15, -5*r - 4 + 19 = 4*p. Suppose -n = -7 - r. Let d(y) = y**2 - 9*y + 10. What is the units digit of d(n)?
0
Let h be (2 - (2 + -1))/(-1). Let r be 2/(h*2/(-4)). Suppose r*i + 2*a = 64, i + 4*a - 20 - 10 = 0. What is the units digit of i?
4
Suppose 0 = 3*v + 4*k - 325, v + 3*k - 36 = 79. What is the tens digit of v?
0
Let g(f) = -f**3 - 5*f**2 + f - 3. Let q(a) = -a**2 + a + 2. Let h be q(3). Let m be h/1 + 0 + -2. What is the units digit of g(m)?
7
Suppose c + 2*b + 2*b = -11, -3*c - b = 0. What is the tens digit of c + 206 - 2 - (-13 - -13)?
0
Suppose -2*k - 2*g + 32 = 0, k = 5*k - 4*g - 48. Let d(x) = 20 - 1 - x + k. What is the units digit of d(0)?
3
Let j = -4259 + 6138. What is the tens digit of j?
7
Let k(z) be the second derivative of -17*z**3/6 - 18*z. What is the tens digit of k(-2)?
3
Let q(l) = 4*l**3 - 17*l**2 - 16*l - 5. What is the units digit of q(10)?
5
Let v = -140 - -210. Suppose -4*z + 122 = -3*d, -z - 3*d = z - v. What is the units digit of z?
2
Let q = 5819 - 3494. What is the tens digit of q?
2
Let k = -4 + -2. Let u be (-2)/k + (-8)/(-3). Suppose -u*w + 204 = w. What is the units digit of w?
1
Let g(d) = 3*d + 37. Let i be g(-11). Let c(z) = -z**3 + 8*z**2 + 5*z + 5. What is the tens digit of c(i)?
8
Let p(o) be the third derivative of o**5/30 + 17*o**4/24 - 5*o**3/6 + 12*o**2. What is the tens digit of p(-11)?
5
Let v(i) = i - 1. Let l(z) = 8*z - 2. Let s(w) = -3*l(w) + 3*v(w). What is the tens digit of s(-5)?
0
Let f(b) = b**3 -